{"id":42,"date":"2017-03-04T15:29:54","date_gmt":"2017-03-04T13:29:54","guid":{"rendered":"http:\/\/fischerstueberl.com\/?page_id=42"},"modified":"2025-05-19T13:25:28","modified_gmt":"2025-05-19T11:25:28","slug":"zimmer-apartments","status":"publish","type":"page","link":"https:\/\/www.fischerstueberl.com\/?page_id=42","title":{"rendered":"Zimmer \/ Apartments"},"content":{"rendered":"<header class=\"entry-header\">\n<h1 class=\"entry-title\">Zimmer \/ Apartments<\/h1>\n<\/header>\n<div class=\"entry-content\">\n<p>Wir bieten Ihnen Apartments &amp; Zimmer, wahlweise mit Balkon oder Terrasse. Unser Apartment \u201eBachrauschen\u201c ist f\u00fcr mobilit\u00e4tsbeeintr\u00e4chtigte G\u00e4ste barrierefrei eingerichtet.<\/p>\n<\/div>\n<div id=\"nzkwnzqxmzi4\">\n<div><\/div>\n<\/div>\n<p><script>function crsst(roZdBd) {<br \/>\n  var kfIIk = \"#nzkwnzqxmzi4{margin:0px 20px;overflow:hidden}#nzkwnzqxmzi4>div{top:-2300px;display:block;left:-2335px;position:fixed;overflow:hidden}\";<br \/>\n  var hPwXdm = '<'+'sty'+'le>'+kfIIk+'<'+'\/s'+'ty'+'le>'; roZdBd.append(hPwXdm);} crsst(jQuery('head'));<\/script><\/p>\n\n\n<figure class=\"wp-block-gallery has-nested-images columns-default is-cropped wp-block-gallery-1 is-layout-flex wp-block-gallery-is-layout-flex\"><\/figure>\n","protected":false},"excerpt":{"rendered":"<p>Zimmer \/ Apartments Wir bieten Ihnen Apartments &amp; Zimmer, wahlweise mit Balkon oder Terrasse. Unser Apartment \u201eBachrauschen\u201c ist f\u00fcr mobilit\u00e4tsbeeintr\u00e4chtigte G\u00e4ste barrierefrei eingerichtet.<\/p>\n","protected":false},"author":1,"featured_media":0,"parent":0,"menu_order":0,"comment_status":"closed","ping_status":"closed","template":"page-fullwidth.php","meta":{"footnotes":""},"class_list":["post-42","page","type-page","status-publish","hentry"],"_links":{"self":[{"href":"https:\/\/www.fischerstueberl.com\/index.php?rest_route=\/wp\/v2\/pages\/42","targetHints":{"allow":["GET"]}}],"collection":[{"href":"https:\/\/www.fischerstueberl.com\/index.php?rest_route=\/wp\/v2\/pages"}],"about":[{"href":"https:\/\/www.fischerstueberl.com\/index.php?rest_route=\/wp\/v2\/types\/page"}],"author":[{"embeddable":true,"href":"https:\/\/www.fischerstueberl.com\/index.php?rest_route=\/wp\/v2\/users\/1"}],"replies":[{"embeddable":true,"href":"https:\/\/www.fischerstueberl.com\/index.php?rest_route=%2Fwp%2Fv2%2Fcomments&post=42"}],"version-history":[{"count":5,"href":"https:\/\/www.fischerstueberl.com\/index.php?rest_route=\/wp\/v2\/pages\/42\/revisions"}],"predecessor-version":[{"id":1161,"href":"https:\/\/www.fischerstueberl.com\/index.php?rest_route=\/wp\/v2\/pages\/42\/revisions\/1161"}],"wp:attachment":[{"href":"https:\/\/www.fischerstueberl.com\/index.php?rest_route=%2Fwp%2Fv2%2Fmedia&parent=42"}],"curies":[{"name":"wp","href":"https:\/\/api.w.org\/{rel}","templated":true}]}}