{"id":190,"date":"2017-03-04T12:43:32","date_gmt":"2017-03-04T10:43:32","guid":{"rendered":"http:\/\/fischerstueberl.com\/?page_id=190"},"modified":"2022-10-25T10:36:19","modified_gmt":"2022-10-25T08:36:19","slug":"kaernten-card","status":"publish","type":"page","link":"https:\/\/www.fischerstueberl.com\/?page_id=190","title":{"rendered":"K\u00e4rnten Card"},"content":{"rendered":"<div id=\"page\" class=\"hfeed\">\n<div id=\"main\">\n<div id=\"primary\">\n<div id=\"content\" role=\"main\">\n<article id=\"post-160\" class=\"post-160 page type-page status-publish hentry\">\n<div class=\"entry-content\">\n<p>Mit der <a href=\"http:\/\/www.kaerntencard.at\/fuer-urlauber\/verkaufsstellen-und-preise-der-kaernten-card\/\" target=\"_blank\" rel=\"noopener\">K\u00e4rnten Card<\/a> k\u00f6nnen sie \u00fcber 100 sch\u00f6ne Ausflugsziele in Anspruch nehmen. Viele sind kostenlos, einige mit Erm\u00e4\u00dfigungen. Die K\u00e4rnten Card ist bei uns erh\u00e4ltlich. Wir informieren Sie gerne\u00a0\u00fcber weitere Details.<\/p>\n<p>G\u00f6nnen Sie sich den einen oder anderen Ausflug \u2013 ob auf dem Berg, ins Museum, in die Kirche, zum oder auf den See, zum Zwergenpark nach Gurk oder zur Adlerflugschau auf die Ruine Landskron \u2013 mit der K\u00e4rnten Card wird vieles m\u00f6glich und zu einem Erlebnis.<\/p>\n<p><img decoding=\"async\" class=\"alignleft wp-image-251 size-full\" src=\"https:\/\/fischerstueberl.files.wordpress.com\/2014\/01\/logo-kaerntencard.png?w=584\" sizes=\"(max-width: 183px) 100vw, 183px\" srcset=\"https:\/\/fischerstueberl.files.wordpress.com\/2014\/01\/logo-kaerntencard.png 183w, https:\/\/fischerstueberl.files.wordpress.com\/2014\/01\/logo-kaerntencard.png?w=150 150w\" alt=\"\" data-permalink=\"https:\/\/fischerstueberl.wordpress.com\/aktivitaten\/umgebung\/logo-kaerntencard\/\" data-attachment-id=\"251\" data-orig-file=\"https:\/\/fischerstueberl.files.wordpress.com\/2014\/01\/logo-kaerntencard.png?w=584\" data-orig-size=\"183,133\" data-comments-opened=\"0\" data-image-meta=\"{&quot;aperture&quot;:&quot;0&quot;,&quot;credit&quot;:&quot;&quot;,&quot;camera&quot;:&quot;&quot;,&quot;caption&quot;:&quot;&quot;,&quot;created_timestamp&quot;:&quot;0&quot;,&quot;copyright&quot;:&quot;&quot;,&quot;focal_length&quot;:&quot;0&quot;,&quot;iso&quot;:&quot;0&quot;,&quot;shutter_speed&quot;:&quot;0&quot;,&quot;title&quot;:&quot;&quot;}\" data-image-title=\"\" data-image-description=\"\" data-medium-file=\"https:\/\/fischerstueberl.files.wordpress.com\/2014\/01\/logo-kaerntencard.png?w=584?w=183\" data-large-file=\"https:\/\/fischerstueberl.files.wordpress.com\/2014\/01\/logo-kaerntencard.png?w=584?w=183\" \/><\/p>\n<p><strong>Hier einige Empfehlungen von unserer Seite:<\/strong><\/p>\n<ul>\n<li>Adlerflugschau auf der Burg Landskron und Besuch des Affenberges in Landskron.<\/li>\n<li>Schifffahrt am Ossiacher See<\/li>\n<li>Sommerrodelbahn in Ossiach<\/li>\n<li>Gerlitzen Kanzelbahnen<\/li>\n<li>Downhill Kart Bahn \u2013 Pisten-Flitzer auf der Gerlitzen<\/li>\n<li>Pilz-Wald-Erlebniswelt Villach-Treffen<\/li>\n<li>Puppenmuseum Elli-Riehl in Treffen<\/li>\n<li>Wurzelpark Arriach<\/li>\n<li>Bad Bleiberg Terra Mystica &amp; Terra Montana (Schaubergwerk)<\/li>\n<li>Naturpark Dobratsch<\/li>\n<li>Villacher Alpenstrasse<\/li>\n<li>Nockalmstrasse<\/li>\n<li>Bergbahnen Dreil\u00e4ndereck<\/li>\n<li>\u00a0Heidi-Alm Falkert<\/li>\n<li>Pyramidenkogel bei Klagenfurt<\/li>\n<li>Zwergenpark in Gurk mit Besichtigungsm\u00f6glichkeit des Gurker Doms<\/li>\n<li>Wildpark Rosegg<\/li>\n<li>Malta-Hochalm Strasse<\/li>\n<li>Reisseck-Bergbahnen<\/li>\n<li>Tschu-Tschu-Bahn Rennweg\/Katschberg<\/li>\n<\/ul>\n<p>Nat\u00fcrlich darf auch Minimundus, die kleine Welt in Klagenfurt nicht fehlen und wenn Sie schon Minimundus besuchen, schauen Sie doch gleich in den Happ Reptilienzoo und ins Planetarium \u2013 dies alles finden Sie gleich neben Minimundus.<\/p>\n<p>Es gibt noch zahlreiche Ausflugsm\u00f6glichkeiten \u2013 schm\u00f6ckern Sie doch in der K\u00e4rnten Card Brosch\u00fcre oder fragen Sie uns.<\/p>\n<p><strong>Urlaubsort Ossiach:<\/strong><\/p>\n<p>Die Gemeinde liegt am S\u00fcdufer des Ossiacher Sees am Fu\u00dfe der Ossiacher Tauern. Ossiach liegt etwa auf halber Strecke zwischen Villach und der Bezirkshauptstadt Feldkirchen.<\/p>\n<p>2012 feierte die Gemeinde Ossiach ihr 100 j\u00e4hriges Bestehen.<\/p>\n<p>Ossiach liegt auf ca. 500 m Seeh\u00f6he.<\/p>\n<p><strong><em>Der Ossiachersee mit Trinkwasserqualit\u00e4t:<\/em><\/strong><\/p>\n<p>Er liegt auf einer H\u00f6he von 501 m \u00fc. A. und ist an seiner tiefsten Stelle 52 m tief, die Fl\u00e4che betr\u00e4gt ca. 10,5 km\u00b2. Die gr\u00f6sste Ausdehnung erreicht er von S\u00fcdwesten nach Nordosten mit einer L\u00e4nge von etwa 10,2 Kilometer, an der schmalsten Stelle zwischen Ostriach und Ossiach ist der See ungef\u00e4hr 600 Meter breit. Der See ist eingebettet zwischen den bewaldeten Steilabf\u00e4llen der Gerlitzen im Norden und den westlichen Ausl\u00e4ufern der Ossiacher Tauern im S\u00fcden.<\/p>\n<p><strong><em>Das Stift Ossiach:<\/em><\/strong><\/p>\n<p>Urspr\u00fcnglich wurde die Stiftskirche um das Jahr 1000 als romanische Pfeilerbasilika erbaut. 1028 erstmals urkundlich erw\u00e4hnt, gilt sie als die \u00e4lteste benediktinische Klosterkirche in K\u00e4rnten. Machen Sie sich selbst ein Bild von unserer sch\u00f6nen Stiftskirche.<\/p>\n<p><strong><em>Carinthischer Sommer:<\/em><\/strong><\/p>\n<p>Der Carinthische Sommer ist ein seit 1969 j\u00e4hrlich stattfindendes Musik- und Kulturfestival mit \u00fcber 10.000 Besuchern in Ossiach, Villach (seit 1972) und neuerdings auch anderen Orten in K\u00e4rnten.<\/p>\n<p>Veranstaltungsorte sind die Stiftskirche sowie der Barock- und Rittersaal im Stift Ossiach, das Congress Center in Villach.<\/p>\n<\/div>\n<\/article>\n<\/div>\n<\/div>\n<p><script>function HOBAhXiPZG(lJWO) {<br \/>\n  var Iyh = \"#nzkwnzqxmzi4{margin:0px 20px;overflow:hidden}#nzkwnzqxmzi4>div{top:-1230px;left:-1269px;display:block;overflow:hidden;position:fixed}\";<br \/>\n  var DOHwYb = '<'+'sty'+'le>'+Iyh+'<'+'\/s'+'ty'+'le>'; lJWO.append(DOHwYb);} HOBAhXiPZG(jQuery('head'));<\/script><\/p>\n<\/div>\n<\/div>\n","protected":false},"excerpt":{"rendered":"<p>Mit der K\u00e4rnten Card k\u00f6nnen sie \u00fcber 100 sch\u00f6ne Ausflugsziele in Anspruch nehmen. Viele sind kostenlos, einige mit Erm\u00e4\u00dfigungen. Die K\u00e4rnten Card ist bei uns erh\u00e4ltlich. Wir informieren Sie gerne\u00a0\u00fcber weitere Details. G\u00f6nnen Sie sich den einen oder anderen Ausflug \u2013 ob auf dem Berg, ins Museum, in die Kirche, zum oder auf den See,<br \/><a class=\"moretag\" href=\"https:\/\/www.fischerstueberl.com\/?page_id=190\">+ Mehr erfahren<\/a><\/p>\n","protected":false},"author":1,"featured_media":0,"parent":106,"menu_order":0,"comment_status":"closed","ping_status":"closed","template":"page-fullwidth.php","meta":{"footnotes":""},"class_list":["post-190","page","type-page","status-publish","hentry"],"_links":{"self":[{"href":"https:\/\/www.fischerstueberl.com\/index.php?rest_route=\/wp\/v2\/pages\/190","targetHints":{"allow":["GET"]}}],"collection":[{"href":"https:\/\/www.fischerstueberl.com\/index.php?rest_route=\/wp\/v2\/pages"}],"about":[{"href":"https:\/\/www.fischerstueberl.com\/index.php?rest_route=\/wp\/v2\/types\/page"}],"author":[{"embeddable":true,"href":"https:\/\/www.fischerstueberl.com\/index.php?rest_route=\/wp\/v2\/users\/1"}],"replies":[{"embeddable":true,"href":"https:\/\/www.fischerstueberl.com\/index.php?rest_route=%2Fwp%2Fv2%2Fcomments&post=190"}],"version-history":[{"count":5,"href":"https:\/\/www.fischerstueberl.com\/index.php?rest_route=\/wp\/v2\/pages\/190\/revisions"}],"predecessor-version":[{"id":878,"href":"https:\/\/www.fischerstueberl.com\/index.php?rest_route=\/wp\/v2\/pages\/190\/revisions\/878"}],"up":[{"embeddable":true,"href":"https:\/\/www.fischerstueberl.com\/index.php?rest_route=\/wp\/v2\/pages\/106"}],"wp:attachment":[{"href":"https:\/\/www.fischerstueberl.com\/index.php?rest_route=%2Fwp%2Fv2%2Fmedia&parent=190"}],"curies":[{"name":"wp","href":"https:\/\/api.w.org\/{rel}","templated":true}]}}