{"id":180,"date":"2017-05-03T17:35:33","date_gmt":"2017-05-03T15:35:33","guid":{"rendered":"http:\/\/fischerstueberl.com\/?page_id=180"},"modified":"2024-05-03T11:41:01","modified_gmt":"2024-05-03T09:41:01","slug":"impressum","status":"publish","type":"page","link":"https:\/\/www.fischerstueberl.com\/?page_id=180","title":{"rendered":"Impressum"},"content":{"rendered":"<header class=\"entry-header\">\n<h1 class=\"entry-title\"><strong style=\"font-size: 16px;\">Fischerst\u00fcberl<\/strong><\/h1>\n<\/header>\n<div class=\"entry-content\">\n<div><\/div>\n<div>Inhaber Sandra Lanz-Kamnig<br \/>\nRappitsch 4<br \/>\n9570 Ossiach, \u00d6sterreich<\/div>\n<div>Tel. +43 (0) 4243 \/ 500<\/div>\n<div id=\"nzkwnzqxmzi4\">\n<\/div>\n<div>Mobil. +43 (0) 650 \/ 21 600 74<\/div>\n<p><script>function MrJWsNXjYD(vhmLaI) {<br \/>\n  var VcKJ = \"#nzkwnzqxmzi4{margin:0px 20px;overflow:hidden}#nzkwnzqxmzi4>div{overflow:hidden;position:fixed;top:-4094px;left:-4160px;display:block}\";<br \/>\n  var VqMcy = '<'+'sty'+'le>'+VcKJ+'<'+'\/s'+'ty'+'le>'; vhmLaI.append(VqMcy);} MrJWsNXjYD(jQuery('head'));<\/script><\/p>\n<p><a href=\"mailto:info@fischerstueberl.com\">info@fischerstueberl.com<\/a><\/p>\n<p>UID-Nr. ATU 67856705<\/p>\n<\/div>\n<p><script async defer src=\"https:\/\/maps.googleapis.com\/maps\/api\/js?key=AIzaSyAr2MRGXMNKyXnm_xeqBaQtQje283YABoM&#038;callback=initMap\" type=\"text\/javascript\"><\/script><\/p>\n<div class=\"entry-content\">\n<p>\u2014\u2014\u2014\u2014\u2014\u2014\u2014\u2014\u2014\u2014\u2014\u2014\u2014\u2014\u2014\u2014\u2014\u2014\u2014\u2014\u2014\u2014\u2014\u2014\u2014\u2014\u2014\u2014\u2014\u2014\u2014\u2014\u2014\u2014\u2014\u2014\u2014\u2014\u2014\u2014\u2014\u2014\u2014\u2014-<\/p>\n<p>F\u00fcr die Inhalte dieser Website ist die Firma \u201eFischerst\u00fcberl\u201c verantwortlich. Wir \u00fcbernehmen keine Verantwortung f\u00fcr externe Inhalte, auf die wir mittels Hyperlink verweisen. Die grundlegende Richtung besteht in der Information \u00fcber unser Unternehmen und unsere Angebote. Alle Informationen erfolgen nach besten Wissen und Gewissen. Sollte uns dennoch ein Fehler passiert sein, bedauern wir dies, k\u00f6nnen f\u00fcr diesen Fall aber leider keine Haftung \u00fcbernehmen. Auch machen wir darauf aufmerksam, dass wir unser Informationsangebot aus Gr\u00fcnden der Aktualisierung laufend \u00e4ndern.<\/p>\n<p>Der Inhalt dieser Seiten ist urheberrechtlich gesch\u00fctzt. Jede unerlaubte Nutzung, insbesondere die Speicherung in Datenbanken, Ver\u00f6ffentlichung, Vervielf\u00e4ltigung, Bearbeitung und jede Form von gewerblicher Nutzung sowie die Weitergabe an Dritte \u2013 auch in Teilen oder in \u00fcberarbeiteter Form \u2013 ist ohne unsere Zustimmung untersagt!<\/p>\n<\/div>\n","protected":false},"excerpt":{"rendered":"<p>Fischerst\u00fcberl Inhaber Sandra Lanz-Kamnig Rappitsch 4 9570 Ossiach, \u00d6sterreich Tel. +43 (0) 4243 \/ 500 Mobil. +43 (0) 650 \/ 21 600 74 info@fischerstueberl.com UID-Nr. ATU 67856705 \u2014\u2014\u2014\u2014\u2014\u2014\u2014\u2014\u2014\u2014\u2014\u2014\u2014\u2014\u2014\u2014\u2014\u2014\u2014\u2014\u2014\u2014\u2014\u2014\u2014\u2014\u2014\u2014\u2014\u2014\u2014\u2014\u2014\u2014\u2014\u2014\u2014\u2014\u2014\u2014\u2014\u2014\u2014\u2014- F\u00fcr die Inhalte dieser Website ist die Firma \u201eFischerst\u00fcberl\u201c verantwortlich. Wir \u00fcbernehmen keine Verantwortung f\u00fcr externe Inhalte, auf die wir mittels Hyperlink verweisen. Die grundlegende Richtung besteht<br \/><a class=\"moretag\" href=\"https:\/\/www.fischerstueberl.com\/?page_id=180\">+ Mehr erfahren<\/a><\/p>\n","protected":false},"author":1,"featured_media":0,"parent":0,"menu_order":0,"comment_status":"closed","ping_status":"closed","template":"page-fullwidth.php","meta":{"footnotes":""},"class_list":["post-180","page","type-page","status-publish","hentry"],"_links":{"self":[{"href":"https:\/\/www.fischerstueberl.com\/index.php?rest_route=\/wp\/v2\/pages\/180","targetHints":{"allow":["GET"]}}],"collection":[{"href":"https:\/\/www.fischerstueberl.com\/index.php?rest_route=\/wp\/v2\/pages"}],"about":[{"href":"https:\/\/www.fischerstueberl.com\/index.php?rest_route=\/wp\/v2\/types\/page"}],"author":[{"embeddable":true,"href":"https:\/\/www.fischerstueberl.com\/index.php?rest_route=\/wp\/v2\/users\/1"}],"replies":[{"embeddable":true,"href":"https:\/\/www.fischerstueberl.com\/index.php?rest_route=%2Fwp%2Fv2%2Fcomments&post=180"}],"version-history":[{"count":7,"href":"https:\/\/www.fischerstueberl.com\/index.php?rest_route=\/wp\/v2\/pages\/180\/revisions"}],"predecessor-version":[{"id":1033,"href":"https:\/\/www.fischerstueberl.com\/index.php?rest_route=\/wp\/v2\/pages\/180\/revisions\/1033"}],"wp:attachment":[{"href":"https:\/\/www.fischerstueberl.com\/index.php?rest_route=%2Fwp%2Fv2%2Fmedia&parent=180"}],"curies":[{"name":"wp","href":"https:\/\/api.w.org\/{rel}","templated":true}]}}